 - 2?
15214
In base 5, what is 102212 - 10?
102202
In base 12, what is -391 + -82?
-453
In base 12, what is -8 + 55b2?
55a6
In base 5, what is -44 + -140434?
-141033
In base 4, what is 222 - -10211202?
10212030
In base 6, what is -13 + 353401?
353344
In base 15, what is 15 + -30e?
-2e9
In base 11, what is -75550 - -4?
-75547
In base 7, what is -54113 + -5?
-54121
In base 9, what is -33260 + 78?
-33171
In base 16, what is -100b + -14a?
-1155
In base 12, what is -3 - -21541?
2153a
In base 6, what is -23 - 10501?
-10524
In base 5, what is -132241 + -230?
-133021
In base 16, what is -99aa - 32?
-99dc
In base 10, what is 6 - -5776?
5782
In base 6, what is 1200 - 421?
335
In base 7, what is -3 + 31426?
31423
In base 3, what is 2 + -102020111?
-102020102
In base 2, what is 101 + -1001001000011011?
-1001001000010110
In base 15, what is -111b01 + 3?
-111aed
In base 7, what is 5 - -1205353?
1205361
In base 16, what is -5 - -5879?
5874
In base 12, what is b + 2929b?
292aa
In base 6, what is -10 + 1141?
1131
In base 14, what is 94b + 11?
95c
In base 15, what is -162 + 1cd?
6b
In base 16, what is 288 - -b5?
33d
In base 6, what is 4 + -1022511?
-1022503
In base 2, what is 101000000001110 - 101?
101000000001001
In base 4, what is 1200200 - 21?
1200113
In base 13, what is b240 - -2?
b242
In base 9, what is -5 - -238757?
238752
In base 10, what is 40055 - 3?
40052
In base 12, what is 12a4 + -21?
1283
In base 10, what is -2447 - -194?
-2253
In base 7, what is -14 + -36343?
-36360
In base 2, what is -11000000100111011 + -1?
-11000000100111100
In base 5, what is 442203 + 43?
442301
In base 5, what is 32344430 - 2?
32344423
In base 12, what is -25 - -1281?
1258
In base 15, what is 5e - 45?
19
In base 7, what is -520213 - 0?
-520213
In base 4, what is -1 - -22330211?
22330210
In base 6, what is 3 - 45105?
-45102
In base 11, what is -4 - -36114?
36110
In base 11, what is -13851 - -3?
-13849
In base 12, what is -1a90b - 5?
-1a914
In base 3, what is -22020 - -212100?
120010
In base 6, what is 53 - 124450?
-124353
In base 9, what is 24603 - -67?
24671
In base 12, what is 110a - -13?
1121
In base 8, what is 4 + 74402?
74406
In base 14, what is -22 - 127b2?
-127d4
In base 13, what is -82c93 - -1?
-82c92
In base 14, what is -44 + -92?
-d6
In base 4, what is 31 - 32021?
-31330
In base 13, what is 5 + 356abb?
356ac3
In base 16, what is -7aa3 + 8?
-7a9b
In base 14, what is -438 - -627?
1cd
In base 10, what is 854 + 5395?
6249
In base 3, what is 101002000222 - 2?
101002000220
In base 10, what is -542 - -585?
43
In base 2, what is 11101100 - -110110110?
1010100010
In base 13, what is -62 + c58?
bc6
In base 6, what is -230 - 131?
-401
In base 9, what is -2 + 127126?
127124
In base 13, what is 0 + 52c6?
52c6
In base 2, what is -10110010011000 - 1?
-10110010011001
In base 13, what is -959 - -19a?
-78c
In base 15, what is 18a - 11?
179
In base 4, what is 10 - -20213222?
20213232
In base 7, what is 561 + 641?
1532
In base 12, what is -140 - 352?
-492
In base 6, what is -433 + -1544?
-2421
In base 11, what is -7a76 + 248?
-7829
In base 10, what is 13732 - -4?
13736
In base 14, what is -4 - 25c?
-262
In base 5, what is -10403014 - -130?
-10402334
In base 13, what is 36cc + -28?
36a4
In base 2, what is -101 + 101001100101?
101001100000
In base 4, what is 1 - -3000102020?
3000102021
In base 16, what is -538 + -64?
-59c
In base 10, what is 530972 - 3?
530969
In base 16, what is 3 + -5142?
-513f
In base 9, what is -3 - 24460?
-24463
In base 7, what is -640 + 1252?
312
In base 16, what is -fd5 + -7?
-fdc
In base 13, what is -1 - -2a1?
2a0
In base 2, what is -10001000111000001 + 101?
-10001000110111100
In base 15, what is 36 + -1ae?
-178
In base 9, what is 3 - 4151?
-4147
In base 9, what is -10 - 24487?
-24507
In base 3, what is 22 - -1012200?
1012222
In base 12, what is -197a - 3a4?
-2162
In base 16, what is -2a7f + 1c?
-2a63
In base 10, what is 4 - -979072?
979076
In base 12, what is -20b + 2b65?
2956
In base 13, what is 202a714 + -4?
202a710
In base 10, what is -34 - 9?
-43
In base 11, what is 2 + -3783?
-3781
In base 2, what is 100110111 + 1000001011001?
1000110010000
In base 3, what is 10110111 - 21112?
10011222
In base 12, what is -38776 - 8?
-38782
In base 10, what is 172 - -1334?
1506
In base 9, what is 37847662 + -3?
37847658
In base 6, what is 111 + 32534?
33045
In base 9, what is -18 + -324?
-343
In base 12, what is 4 + 613?
617
In base 15, what is 10c1b9 - -6?
10c1c0
In base 8, what is 3 + 150305?
150310
In base 5, what is -4404233 - -4?
-4404224
In base 5, what is -2 - -1303333?
1303331
In base 3, what is 10102 + 22110201?
22121010
In base 15, what is 1 - 139d8?
-139d7
In base 16, what is -4a928 - -7?
-4a921
In base 16, what is -b + -47f9?
-4804
In base 3, what is 12010120100 + -1?
12010120022
In base 13, what is -c - -78ca?
78bb
In base 4, what is 323303110 - -2?
323303112
In base 16, what is -aa503 - -4?
-aa4ff
In base 8, what is -25 + 4610?
4563
In base 13, what is -b519 + -4?
-b520
In base 7, what is -10022 - -36?
-6653
In base 13, what is 4bac4 - 3?
4bac1
In base 6, what is -1 - 3005404?
-3005405
In base 6, what is -12541 + 30?
-12511
In base 10, what is -1417 + 21?
-1396
In base 13, what is 8bb0 + 5?
8bb5
In base 15, what is a2 - 96?
b
In base 4, what is -111231200 - 11?
-111231211
In base 9, what is 66302 + -4?
66287
In base 10, what is -26 - -761?
735
In base 10, what is -4 + -8492?
-8496
In base 15, what is 2610 + -229?
23d6
In base 16, what is 3c - 6a2?
-666
In base 8, what is 6 - -124677?
124705
In base 3, what is -11110121 - -212?
-11102202
In base 13, what is 7b1328 + 3?
7b132b
In base 4, what is 21111000 + 131?
21111131
In base 3, what is 1000202011 - 0?
1000202011
In base 15, what is -332 - e3b?
-126d
In base 14, what is -1457 - -4?
-1453
In base 15, what is -4b6 - 555?
-a1b
In base 14, what is -195 + -6?
-19b
In base 7, what is -103 + 13006?
12603
In base 10, what is -2 + 36369?
36367
In base 15, what is 6a9b0 - 1?
6a9ae
In base 16, what is -18 + -63d4?
-63ec
In base 2, what is -1001001100111110011 - 100?
-1001001100111110111
In base 3, what is 110 - 11020110?
-11020000
In base 4, what is -103022 + 210?
-102212
In base 10, what is 4478 - 6?
4472
In base 16, what is -19a + -37?
-1d1
In base 4, what is 10 + -233100121?
-233100111
In base 8, what is 26 + 20611?
20637
In base 9, what is -14043 + -1?
-14044
In base 12, what is 3 + -2909?
-2906
In base 11, what is -5 - -2664?
265a
In base 4, what is 120 - 3031333?
-3031213
In base 10, what is 4226 + 94?
4320
In base 14, what is adb - 18?
ac3
In base 2, what is 11 - -10010101010010111?
10010101010011010
In base 13, what is -518c5 + 5?
-518c0
In base 3, what is 10200122 - 212020?
2211102
In base 14, what is -3 + -10b1?
-10b4
In base 15, what is 32e25 + e?
32e34
In base 3, what is -1011211 - 2002021?
-10021002
In base 14, what is 35 + 2b0?
305
In base 12, what is -3 + -1733?
-1736
In base 7, what is -1021033 - -54?
-1020646
In base 2, what is 1000 - -111011010011101?
111011010100101
In base 5, what is 111 - 201?
-40
In base 6, what is -213103 + -1?
-213104
In base 7, what is 5 + 21563?
21601
In base 3, what is 120022221022 - 1?
120022221021
In base 11, what is -16 - -98975?
9895a
In base 8, what is 35 + 5554?
5611
In base 2, what is -1000010001 + -101001010001?
-110001100010
In base 9, what is 4 + -37410?
-37405
In base 5, what is 222140112 + 2?
222140114
In base 3, what is 2 + -10210122120?
-10210122111
In base 11, what is -3527 - 193?
-370a
In base 6, what is -1040 - 1005?
-2045
In base 16, what is 539a - 3?
5397
In base 6, what is -3414 + 152?
-3222
In base 3, what is 10001101000012 + -10?
10001101000002
In base 2, what is -1001010101000010 - 0?
-1001010101000010
In base 2, what is -11101000111111 + 100?
-11101000111011
In base 10, what is 11285 - 202?
11083
In base 12, what is 7 + 157a54?
157a5b
In base 15, what is -4b - -2ed?
2a2
In base 13, what is 824 - 1?
823
In base 7, what is -15162 + -25?
-15220
In base 12, what is 9 + -1855?
-1848
In base 5, what is -3 - -432423?
432420
In base 8, what is 2 - 21674?
-21672
In base 9, what is -7 - -4556?
4548
In base 8, what is 33 - 2064?
-2031
In base 11, what is 49 + 197?
235
In base 4, what is -212 - 20200?
-21012
In base 4, what is -11 - -123012201?
123012130
In base